{"id":54,"date":"2015-04-30T10:26:03","date_gmt":"2015-04-30T08:26:03","guid":{"rendered":"https:\/\/traiteure.ewc-demo.de\/?page_id=54"},"modified":"2021-05-06T11:07:38","modified_gmt":"2021-05-06T09:07:38","slug":"impressum","status":"publish","type":"page","link":"https:\/\/www.traiteur-jeanette.de\/fr\/impressum\/","title":{"rendered":"Empreinte"},"content":{"rendered":"<script type=\"text\/javascript\">\r\n\tjQuery( document ).ready(function( jQuery ) {\r\n\t\tjQuery( '#example3_250' ).sliderPro({\r\n\t\t\t\/\/width\r\n\t\t\t\t\t\twidth: 740,\r\n\t\t\t\t\t\t\r\n\t\t\t\/\/height\r\n\t\t\t\t\t\theight: 980,\r\n\t\t\t\t\t\t\r\n\t\t\t\/\/autoplay\r\n\t\t\t\t\t\tautoplay:  true,\r\n\t\t\tautoplayOnHover: 'none',\r\n\t\t\t\t\t\t\t\t\t\t\t\tautoplayDelay: 5000,\r\n\t\t\t\r\n\t\t\t\r\n\t\t\tarrows: false,\r\n\t\t\tbuttons: false,\r\n\t\t\tsmallSize: 500,\r\n\t\t\tmediumSize: 1000,\r\n\t\t\tlargeSize: 3000,\r\n\t\t\tfade: true,\r\n\t\t\t\r\n\t\t\t\/\/thumbnail\r\n\t\t\tthumbnailArrows: true,\r\n\t\t\tthumbnailWidth: 120,\r\n\t\t\tthumbnailHeight: 100,\r\n\t\t\t\t\t\t\t\t\tthumbnailsPosition: 'bottom',\r\n\t\t\t\t\t\t\t\t\tcenterImage: true,\r\n\t\t\tallowScaleUp: true,\r\n\t\t\t\t\t\tstartSlide: 0,\r\n\t\t\tloop: true,\r\n\t\t\tslideDistance: 5,\r\n\t\t\tautoplayDirection: 'normal',\r\n\t\t\ttouchSwipe: true,\r\n\t\t\tfullScreen: true,\r\n\t\t});\r\n\t});\r\n<\/script>\r\n<style>\r\n\/* Example 3 *\/\r\n\r\n\/* border *\/\r\n#example3_250 .sp-selected-thumbnail {\r\n\tborder: 4px solid #000000;\r\n}\r\n\r\n\/* font + color *\/\r\n.title-in  {\r\n\tfont-family: Arial !important;\r\n\tcolor: #00000 !important;\r\n\tbackground-color: #FFFFFF !important;\r\n\topacity: 0.7 !important;\r\n}\r\n.desc-in  {\r\n\tfont-family: Arial !important;\r\n\tcolor: #FFFFFF !important;\r\n\tbackground-color: #00000 !important;\r\n\topacity: 0.7 !important;\r\n}\r\n\r\n\/* bullets color *\/\r\n.sp-button  {\r\n\tborder: 2px solid #000000 !important;\r\n}\r\n.sp-selected-button  {\r\n\tbackground-color: #000000 !important;\r\n}\r\n\r\n\/* pointer color - bottom *\/\r\n.sp-selected-thumbnail::before {\r\n\tborder-bottom: 5px solid #000000 !important;\r\n}\r\n.sp-selected-thumbnail::after {\r\n\tborder-bottom: 13px solid #000000 !important;\r\n}\r\n\r\n\/* pointer color - top *\/\r\n\r\n\r\n\/* full screen icon *\/\r\n.sp-full-screen-button::before {\r\n    color: #FFFFFF !important;\r\n}\r\n\r\n\/* hover navigation icon color *\/\r\n.sp-next-arrow::after, .sp-next-arrow::before {\r\n\tbackground-color: #FFFFFF !important;\r\n}\r\n.sp-previous-arrow::after, .sp-previous-arrow::before {\r\n\tbackground-color: #FFFFFF !important;\r\n}\r\n\r\n\r\n#example3_250 .title-in {\r\n\tcolor:  !important;\r\n\tfont-weight: bolder;\r\n\ttext-align: center;\r\n}\r\n\r\n#example3_250 .title-in-bg {\r\n\tbackground: rgba(255, 255, 255, 0.7); !important;\r\n\twhite-space: unset !important;\r\n\tmax-width: 90%;\r\n\tmin-width: 40%;\r\n\ttransform: initial !important;\r\n\t-webkit-transform: initial !important;\r\n\tfont-size: 14px !important;\r\n}\r\n\r\n#example3_250 .desc-in {\r\n\tcolor:  !important;\r\n\ttext-align: center;\r\n}\r\n#example3_250 .desc-in-bg {\r\n\tbackground: rgba(, ) !important;\r\n\twhite-space: unset !important;\r\n\twidth: 80% !important;\r\n\tmin-width: 30%;\r\n\ttransform: initial !important;\r\n\t-webkit-transform: initial !important;\r\n\tfont-size: 13px !important;\r\n}\r\n\r\n@media (max-width: 640px) {\r\n\t#example3_250 .hide-small-screen {\r\n\t\tdisplay: none;\r\n\t}\r\n}\r\n\r\n@media (max-width: 860px) {\r\n\t#example3_250 .sp-layer {\r\n\t\tfont-size: 18px;\r\n\t}\r\n\t\r\n\t#example3_250 .hide-medium-screen {\r\n\t\tdisplay: none;\r\n\t}\r\n}\r\n\/* Custom CSS *\/\r\n<\/style>\r\n<div id=\"example3_250\" class=\"slider-pro\">\r\n\t<!---- slides div start ---->\r\n\t<div class=\"sp-slides\">\r\n\t\t\t\t<div class=\"sp-slide\">\r\n\t\t\t<img class=\"sp-image\" alt=\"\" src=\"\" \r\n\t\t\t\tdata-src=\"https:\/\/www.traiteur-jeanette.de\/wp-content\/uploads\/2015\/06\/beiuns_4-1.jpg\"\r\n\t\t\t\tdata-small=\"https:\/\/www.traiteur-jeanette.de\/wp-content\/uploads\/2015\/06\/beiuns_4-1.jpg\"\r\n\t\t\t\tdata-medium=\"https:\/\/www.traiteur-jeanette.de\/wp-content\/uploads\/2015\/06\/beiuns_4-1.jpg\"\r\n\t\t\t\tdata-large=\"https:\/\/www.traiteur-jeanette.de\/wp-content\/uploads\/2015\/06\/beiuns_4-1.jpg\"\r\n\t\t\t\tdata-retina=\"https:\/\/www.traiteur-jeanette.de\/wp-content\/uploads\/2015\/06\/beiuns_4-1.jpg\"\/>\r\n\r\n\t\t\t\r\n\t\t\t\t\t<\/div>\r\n\t\t\t\t\r\n\t<\/div>\r\n\t\r\n\t<!---- slides div end ---->\r\n\t\t<!-- slides thumbnails div end -->\r\n\t\r\n<\/div>\r\n\n<div class=\"slide-text\">\n<div class=\"text-wrapper\">\n<h1>Empreinte<\/h1>\n<p><strong>Informations selon le \u00a7 5 TMG:<\/strong><br \/>\n\u00a9 ASVF GmbH<br \/>\nRue Berger 187<br \/>\n60385 Francfort-sur-le-Main<\/p>\n<p>Registre du commerce : HRB 91388<br \/>\nTribunal d&#8217;enregistrement : Tribunal d&#8217;instance de Francfort-sur-le-Main<\/p>\n<p><strong>Repr\u00e9sent\u00e9 par:<\/strong><br \/>\nM. Laurent Cottin, directeur g\u00e9n\u00e9ral<\/p>\n<p><strong>Contact<\/strong><br \/>\nT\u00e9l\u00e9phone : + 49 (0)172 81 55 156<br \/>\nCourriel : info@traiteurjeanette.de<\/p>\n<p><strong>ID de la taxe de vente<\/strong><br \/>\nNum\u00e9ro d&#8217;identification de la taxe sur les ventes conform\u00e9ment \u00e0 l&#8217;article 27 a de la Umsatzsteuergesetz : DE278 66 31 65<\/p>\n<p><strong>R\u00e8glement des diff\u00e9rends de l&#8217;UE<\/strong><br \/>\nLa Commission europ\u00e9enne met \u00e0 disposition une plateforme de r\u00e9solution des conflits en ligne (OS) : <a href=\"https:\/\/ec.europa.eu\/consumers\/odr\"><span lang=\"fr-FR\">https:\/\/ec.europa.eu\/consumers\/odr<\/a>. Vous trouverez notre adresse \u00e9lectronique dans l&#8217;impressum ci-dessus.<\/p>\n<p><strong>R\u00e8glement des litiges de consommation\/commission d&#8217;arbitrage universel<\/strong><br \/>\nNous ne sommes pas dispos\u00e9s ou oblig\u00e9s de participer \u00e0 une proc\u00e9dure de r\u00e8glement des litiges devant une commission d&#8217;arbitrage des consommateurs.<\/p>\n<p><strong>Responsabilit\u00e9 du contenu<\/strong><br \/>\nEn tant que prestataire de services, nous sommes responsables de nos propres contenus sur ces pages conform\u00e9ment aux lois g\u00e9n\u00e9rales en vertu de l&#8217;article 7 alin\u00e9a 1 TMG. Conform\u00e9ment aux articles 8 \u00e0 10 du TMG, nous ne sommes pas tenus de surveiller les informations transmises ou stock\u00e9es ni d&#8217;enqu\u00eater sur les circonstances qui indiquent une activit\u00e9 ill\u00e9gale.<br \/>\nLes obligations de supprimer ou de bloquer l&#8217;utilisation des informations conform\u00e9ment aux lois g\u00e9n\u00e9rales ne sont pas affect\u00e9es par cette disposition. Toutefois, la responsabilit\u00e9 \u00e0 cet \u00e9gard n&#8217;est possible qu&#8217;\u00e0 partir du moment o\u00f9 une infraction concr\u00e8te \u00e0 la loi est connue. Si nous avons connaissance de telles infractions, nous retirerons imm\u00e9diatement le contenu concern\u00e9.<\/p>\n<p><strong>Responsabilit\u00e9 pour les liens<\/strong><br \/>\nNotre offre contient des liens vers des sites externes de tiers, sur le contenu desquels nous n&#8217;avons aucune influence. Par cons\u00e9quent, nous ne pouvons assumer aucune responsabilit\u00e9 pour ces contenus externes. Le fournisseur ou l&#8217;exploitant respectif des pages est toujours responsable du contenu des pages li\u00e9es. Les pages li\u00e9es ont \u00e9t\u00e9 v\u00e9rifi\u00e9es au moment de l&#8217;\u00e9tablissement du lien afin de d\u00e9tecter d&#8217;\u00e9ventuelles violations de la loi. Les contenus ill\u00e9gaux n&#8217;\u00e9taient pas reconnaissables au moment de l&#8217;\u00e9tablissement du lien.<br \/>\nCependant, un contr\u00f4le permanent du contenu des pages li\u00e9es n&#8217;est pas raisonnable sans preuve concr\u00e8te d&#8217;une violation de la loi. Si nous avons connaissance d&#8217;infractions, nous supprimerons imm\u00e9diatement ces liens.<\/p>\n<p><strong>Copyright<\/strong><br \/>\nLes contenus et les \u0153uvres cr\u00e9\u00e9s par les exploitants du site sur ces pages sont soumis \u00e0 la l\u00e9gislation allemande sur le droit d&#8217;auteur. La duplication, le traitement, la distribution ou toute forme de commercialisation de ce mat\u00e9riel au-del\u00e0 de la port\u00e9e de la loi sur le droit d&#8217;auteur n\u00e9cessite le consentement \u00e9crit pr\u00e9alable de son auteur ou cr\u00e9ateur respectif. Les t\u00e9l\u00e9chargements et les copies de ce site ne sont autoris\u00e9s que pour un usage priv\u00e9 et non commercial.<br \/>\nDans la mesure o\u00f9 le contenu de ce site n&#8217;a pas \u00e9t\u00e9 cr\u00e9\u00e9 par l&#8217;op\u00e9rateur, les droits d&#8217;auteur des tiers sont respect\u00e9s. En particulier, les contenus de tiers sont identifi\u00e9s comme tels. Si vous avez n\u00e9anmoins connaissance d&#8217;une violation du droit d&#8217;auteur, veuillez nous en informer. Si nous avons connaissance d&#8217;infractions, nous supprimerons imm\u00e9diatement ce contenu.<\/p>\n<p><strong>Droits d&#8217;image<\/strong><br \/>\nLe contenu de toutes les pages de ce site web est prot\u00e9g\u00e9 par le droit d&#8217;auteur. Tous les droits d&#8217;image sont d\u00e9tenus par ASVF GmbH ou ses partenaires. L&#8217;utilisation sans autorisation expresse n&#8217;est pas autoris\u00e9e. Tous les droits de reproduction du contenu ou de parties du contenu sont r\u00e9serv\u00e9s.<\/p>\n<p>\u00a9 2021 ASVF GmbH, Francfort-sur-le-Main<\/p>\n<\/div>\n<\/div>\n","protected":false},"excerpt":{"rendered":"<p>Empreinte Informations selon le \u00a7 5 TMG: \u00a9 ASVF GmbH Rue Berger 187 60385 Francfort-sur-le-Main Registre du commerce : HRB 91388 Tribunal d&#8217;enregistrement : Tribunal d&#8217;instance de Francfort-sur-le-Main Repr\u00e9sent\u00e9 par: M. Laurent Cottin, directeur g\u00e9n\u00e9ral Contact T\u00e9l\u00e9phone : + 49 (0)172 81 55 156 Courriel : info@traiteurjeanette.de ID de la taxe de vente Num\u00e9ro d&#8217;identification [&hellip;]<\/p>\n","protected":false},"author":1,"featured_media":0,"parent":0,"menu_order":0,"comment_status":"closed","ping_status":"closed","template":"page-full.php","meta":[],"translation":{"provider":"WPGlobus","version":"2.7.3","language":"fr","enabled_languages":["de","fr"],"languages":{"de":{"title":true,"content":true,"excerpt":false},"fr":{"title":true,"content":true,"excerpt":false}}},"_links":{"self":[{"href":"https:\/\/www.traiteur-jeanette.de\/fr\/wp-json\/wp\/v2\/pages\/54"}],"collection":[{"href":"https:\/\/www.traiteur-jeanette.de\/fr\/wp-json\/wp\/v2\/pages"}],"about":[{"href":"https:\/\/www.traiteur-jeanette.de\/fr\/wp-json\/wp\/v2\/types\/page"}],"author":[{"embeddable":true,"href":"https:\/\/www.traiteur-jeanette.de\/fr\/wp-json\/wp\/v2\/users\/1"}],"replies":[{"embeddable":true,"href":"https:\/\/www.traiteur-jeanette.de\/fr\/wp-json\/wp\/v2\/comments?post=54"}],"version-history":[{"count":16,"href":"https:\/\/www.traiteur-jeanette.de\/fr\/wp-json\/wp\/v2\/pages\/54\/revisions"}],"predecessor-version":[{"id":342,"href":"https:\/\/www.traiteur-jeanette.de\/fr\/wp-json\/wp\/v2\/pages\/54\/revisions\/342"}],"wp:attachment":[{"href":"https:\/\/www.traiteur-jeanette.de\/fr\/wp-json\/wp\/v2\/media?parent=54"}],"curies":[{"name":"wp","href":"https:\/\/api.w.org\/{rel}","templated":true}]}}

<script type="text/javascript">
	jQuery( document ).ready(function( jQuery ) {
		jQuery( '#example3_250' ).sliderPro({
			//width
						width: 740,
						
			//height
						height: 980,
						
			//autoplay
						autoplay:  true,
			autoplayOnHover: 'none',
												autoplayDelay: 5000,
			
			
			arrows: false,
			buttons: false,
			smallSize: 500,
			mediumSize: 1000,
			largeSize: 3000,
			fade: true,
			
			//thumbnail
			thumbnailArrows: true,
			thumbnailWidth: 120,
			thumbnailHeight: 100,
									thumbnailsPosition: 'bottom',
									centerImage: true,
			allowScaleUp: true,
						startSlide: 0,
			loop: true,
			slideDistance: 5,
			autoplayDirection: 'normal',
			touchSwipe: true,
			fullScreen: true,
		});
	});
</script>
<style>
/* Example 3 */

/* border */
#example3_250 .sp-selected-thumbnail {
	border: 4px solid #000000;
}

/* font + color */
.title-in  {
	font-family: Arial !important;
	color: #00000 !important;
	background-color: #FFFFFF !important;
	opacity: 0.7 !important;
}
.desc-in  {
	font-family: Arial !important;
	color: #FFFFFF !important;
	background-color: #00000 !important;
	opacity: 0.7 !important;
}

/* bullets color */
.sp-button  {
	border: 2px solid #000000 !important;
}
.sp-selected-button  {
	background-color: #000000 !important;
}

/* pointer color - bottom */
.sp-selected-thumbnail::before {
	border-bottom: 5px solid #000000 !important;
}
.sp-selected-thumbnail::after {
	border-bottom: 13px solid #000000 !important;
}

/* pointer color - top */


/* full screen icon */
.sp-full-screen-button::before {
    color: #FFFFFF !important;
}

/* hover navigation icon color */
.sp-next-arrow::after, .sp-next-arrow::before {
	background-color: #FFFFFF !important;
}
.sp-previous-arrow::after, .sp-previous-arrow::before {
	background-color: #FFFFFF !important;
}


#example3_250 .title-in {
	color:  !important;
	font-weight: bolder;
	text-align: center;
}

#example3_250 .title-in-bg {
	background: rgba(255, 255, 255, 0.7); !important;
	white-space: unset !important;
	max-width: 90%;
	min-width: 40%;
	transform: initial !important;
	-webkit-transform: initial !important;
	font-size: 14px !important;
}

#example3_250 .desc-in {
	color:  !important;
	text-align: center;
}
#example3_250 .desc-in-bg {
	background: rgba(, ) !important;
	white-space: unset !important;
	width: 80% !important;
	min-width: 30%;
	transform: initial !important;
	-webkit-transform: initial !important;
	font-size: 13px !important;
}

@media (max-width: 640px) {
	#example3_250 .hide-small-screen {
		display: none;
	}
}

@media (max-width: 860px) {
	#example3_250 .sp-layer {
		font-size: 18px;
	}
	
	#example3_250 .hide-medium-screen {
		display: none;
	}
}
/* Custom CSS */
</style>
<div id="example3_250" class="slider-pro">
	<!---- slides div start ---->
	<div class="sp-slides">
				<div class="sp-slide">
			<img class="sp-image" alt="" src="" 
				data-src="https://www.traiteur-jeanette.de/wp-content/uploads/2015/06/beiuns_4-1.jpg"
				data-small="https://www.traiteur-jeanette.de/wp-content/uploads/2015/06/beiuns_4-1.jpg"
				data-medium="https://www.traiteur-jeanette.de/wp-content/uploads/2015/06/beiuns_4-1.jpg"
				data-large="https://www.traiteur-jeanette.de/wp-content/uploads/2015/06/beiuns_4-1.jpg"
				data-retina="https://www.traiteur-jeanette.de/wp-content/uploads/2015/06/beiuns_4-1.jpg"/>

			
					</div>
				
	</div>
	
	<!---- slides div end ---->
		<!-- slides thumbnails div end -->
	
</div>

<div class="slide-text">
<div class="text-wrapper">
<h1>Empreinte</h1>
<p><strong>Informations selon le § 5 TMG:</strong><br />
© ASVF GmbH<br />
Rue Berger 187<br />
60385 Francfort-sur-le-Main</p>
<p>Registre du commerce : HRB 91388<br />
Tribunal d&#8217;enregistrement : Tribunal d&#8217;instance de Francfort-sur-le-Main</p>
<p><strong>Représenté par:</strong><br />
M. Laurent Cottin, directeur général</p>
<p><strong>Contact</strong><br />
Téléphone : + 49 (0)172 81 55 156<br />
Courriel : info@traiteurjeanette.de</p>
<p><strong>ID de la taxe de vente</strong><br />
Numéro d&#8217;identification de la taxe sur les ventes conformément à l&#8217;article 27 a de la Umsatzsteuergesetz : DE278 66 31 65</p>
<p><strong>Règlement des différends de l&#8217;UE</strong><br />
La Commission européenne met à disposition une plateforme de résolution des conflits en ligne (OS) : <a href="https://ec.europa.eu/consumers/odr"><span lang="fr-FR">https://ec.europa.eu/consumers/odr</a>. Vous trouverez notre adresse électronique dans l&#8217;impressum ci-dessus.</p>
<p><strong>Règlement des litiges de consommation/commission d&#8217;arbitrage universel</strong><br />
Nous ne sommes pas disposés ou obligés de participer à une procédure de règlement des litiges devant une commission d&#8217;arbitrage des consommateurs.</p>
<p><strong>Responsabilité du contenu</strong><br />
En tant que prestataire de services, nous sommes responsables de nos propres contenus sur ces pages conformément aux lois générales en vertu de l&#8217;article 7 alinéa 1 TMG. Conformément aux articles 8 à 10 du TMG, nous ne sommes pas tenus de surveiller les informations transmises ou stockées ni d&#8217;enquêter sur les circonstances qui indiquent une activité illégale.<br />
Les obligations de supprimer ou de bloquer l&#8217;utilisation des informations conformément aux lois générales ne sont pas affectées par cette disposition. Toutefois, la responsabilité à cet égard n&#8217;est possible qu&#8217;à partir du moment où une infraction concrète à la loi est connue. Si nous avons connaissance de telles infractions, nous retirerons immédiatement le contenu concerné.</p>
<p><strong>Responsabilité pour les liens</strong><br />
Notre offre contient des liens vers des sites externes de tiers, sur le contenu desquels nous n&#8217;avons aucune influence. Par conséquent, nous ne pouvons assumer aucune responsabilité pour ces contenus externes. Le fournisseur ou l&#8217;exploitant respectif des pages est toujours responsable du contenu des pages liées. Les pages liées ont été vérifiées au moment de l&#8217;établissement du lien afin de détecter d&#8217;éventuelles violations de la loi. Les contenus illégaux n&#8217;étaient pas reconnaissables au moment de l&#8217;établissement du lien.<br />
Cependant, un contrôle permanent du contenu des pages liées n&#8217;est pas raisonnable sans preuve concrète d&#8217;une violation de la loi. Si nous avons connaissance d&#8217;infractions, nous supprimerons immédiatement ces liens.</p>
<p><strong>Copyright</strong><br />
Les contenus et les œuvres créés par les exploitants du site sur ces pages sont soumis à la législation allemande sur le droit d&#8217;auteur. La duplication, le traitement, la distribution ou toute forme de commercialisation de ce matériel au-delà de la portée de la loi sur le droit d&#8217;auteur nécessite le consentement écrit préalable de son auteur ou créateur respectif. Les téléchargements et les copies de ce site ne sont autorisés que pour un usage privé et non commercial.<br />
Dans la mesure où le contenu de ce site n&#8217;a pas été créé par l&#8217;opérateur, les droits d&#8217;auteur des tiers sont respectés. En particulier, les contenus de tiers sont identifiés comme tels. Si vous avez néanmoins connaissance d&#8217;une violation du droit d&#8217;auteur, veuillez nous en informer. Si nous avons connaissance d&#8217;infractions, nous supprimerons immédiatement ce contenu.</p>
<p><strong>Droits d&#8217;image</strong><br />
Le contenu de toutes les pages de ce site web est protégé par le droit d&#8217;auteur. Tous les droits d&#8217;image sont détenus par ASVF GmbH ou ses partenaires. L&#8217;utilisation sans autorisation expresse n&#8217;est pas autorisée. Tous les droits de reproduction du contenu ou de parties du contenu sont réservés.</p>
<p>© 2021 ASVF GmbH, Francfort-sur-le-Main</p>
</div>
</div>

<p>Empreinte Informations selon le § 5 TMG: © ASVF GmbH Rue Berger 187 60385 Francfort-sur-le-Main Registre du commerce : HRB 91388 Tribunal d&#8217;enregistrement : Tribunal d&#8217;instance de Francfort-sur-le-Main Représenté par: M. Laurent Cottin, directeur général Contact Téléphone : + 49 (0)172 81 55 156 Courriel : info@traiteurjeanette.de ID de la taxe de vente Numéro d&#8217;identification [&hellip;]</p>
