{"id":36,"date":"2015-04-30T10:20:09","date_gmt":"2015-04-30T08:20:09","guid":{"rendered":"https:\/\/traiteure.ewc-demo.de\/?page_id=36"},"modified":"2015-04-30T10:20:09","modified_gmt":"2015-04-30T08:20:09","slug":"messe-catering-ganz-franzoesisch-in-frankfurt","status":"publish","type":"page","link":"https:\/\/www.traiteur-jeanette.de\/fr\/messe-catering-ganz-franzoesisch-in-frankfurt\/","title":{"rendered":"Messe Catering, ganz franz\u00f6sisch, in Frankfurt"},"content":{"rendered":"<script type=\"text\/javascript\">\r\n\tjQuery( document ).ready(function( jQuery ) {\r\n\t\tjQuery( '#example3_254' ).sliderPro({\r\n\t\t\t\/\/width\r\n\t\t\t\t\t\twidth: 740,\r\n\t\t\t\t\t\t\r\n\t\t\t\/\/height\r\n\t\t\t\t\t\theight: 980,\r\n\t\t\t\t\t\t\r\n\t\t\t\/\/autoplay\r\n\t\t\t\t\t\tautoplay:  true,\r\n\t\t\tautoplayOnHover: 'none',\r\n\t\t\t\t\t\t\t\t\t\t\t\tautoplayDelay: 5000,\r\n\t\t\t\r\n\t\t\t\r\n\t\t\tarrows: true,\r\n\t\t\tbuttons: false,\r\n\t\t\tsmallSize: 500,\r\n\t\t\tmediumSize: 1000,\r\n\t\t\tlargeSize: 3000,\r\n\t\t\tfade: true,\r\n\t\t\t\r\n\t\t\t\/\/thumbnail\r\n\t\t\tthumbnailArrows: true,\r\n\t\t\tthumbnailWidth: 120,\r\n\t\t\tthumbnailHeight: 100,\r\n\t\t\t\t\t\t\t\t\tthumbnailsPosition: 'bottom',\r\n\t\t\t\t\t\t\t\t\tcenterImage: true,\r\n\t\t\tallowScaleUp: true,\r\n\t\t\t\t\t\tstartSlide: 0,\r\n\t\t\tloop: true,\r\n\t\t\tslideDistance: 5,\r\n\t\t\tautoplayDirection: 'normal',\r\n\t\t\ttouchSwipe: true,\r\n\t\t\tfullScreen: true,\r\n\t\t});\r\n\t});\r\n<\/script>\r\n<style>\r\n\/* Example 3 *\/\r\n\r\n\/* border *\/\r\n#example3_254 .sp-selected-thumbnail {\r\n\tborder: 4px solid #000000;\r\n}\r\n\r\n\/* font + color *\/\r\n.title-in  {\r\n\tfont-family: Arial !important;\r\n\tcolor: #00000 !important;\r\n\tbackground-color: #FFFFFF !important;\r\n\topacity: 0.7 !important;\r\n}\r\n.desc-in  {\r\n\tfont-family: Arial !important;\r\n\tcolor: #FFFFFF !important;\r\n\tbackground-color: #00000 !important;\r\n\topacity: 0.7 !important;\r\n}\r\n\r\n\/* bullets color *\/\r\n.sp-button  {\r\n\tborder: 2px solid #000000 !important;\r\n}\r\n.sp-selected-button  {\r\n\tbackground-color: #000000 !important;\r\n}\r\n\r\n\/* pointer color - bottom *\/\r\n.sp-selected-thumbnail::before {\r\n\tborder-bottom: 5px solid #000000 !important;\r\n}\r\n.sp-selected-thumbnail::after {\r\n\tborder-bottom: 13px solid #000000 !important;\r\n}\r\n\r\n\/* pointer color - top *\/\r\n\r\n\r\n\/* full screen icon *\/\r\n.sp-full-screen-button::before {\r\n    color: #FFFFFF !important;\r\n}\r\n\r\n\/* hover navigation icon color *\/\r\n.sp-next-arrow::after, .sp-next-arrow::before {\r\n\tbackground-color: #FFFFFF !important;\r\n}\r\n.sp-previous-arrow::after, .sp-previous-arrow::before {\r\n\tbackground-color: #FFFFFF !important;\r\n}\r\n\r\n\r\n#example3_254 .title-in {\r\n\tcolor:  !important;\r\n\tfont-weight: bolder;\r\n\ttext-align: center;\r\n}\r\n\r\n#example3_254 .title-in-bg {\r\n\tbackground: rgba(255, 255, 255, 0.7); !important;\r\n\twhite-space: unset !important;\r\n\tmax-width: 90%;\r\n\tmin-width: 40%;\r\n\ttransform: initial !important;\r\n\t-webkit-transform: initial !important;\r\n\tfont-size: 14px !important;\r\n}\r\n\r\n#example3_254 .desc-in {\r\n\tcolor:  !important;\r\n\ttext-align: center;\r\n}\r\n#example3_254 .desc-in-bg {\r\n\tbackground: rgba(, ) !important;\r\n\twhite-space: unset !important;\r\n\twidth: 80% !important;\r\n\tmin-width: 30%;\r\n\ttransform: initial !important;\r\n\t-webkit-transform: initial !important;\r\n\tfont-size: 13px !important;\r\n}\r\n\r\n@media (max-width: 640px) {\r\n\t#example3_254 .hide-small-screen {\r\n\t\tdisplay: none;\r\n\t}\r\n}\r\n\r\n@media (max-width: 860px) {\r\n\t#example3_254 .sp-layer {\r\n\t\tfont-size: 18px;\r\n\t}\r\n\t\r\n\t#example3_254 .hide-medium-screen {\r\n\t\tdisplay: none;\r\n\t}\r\n}\r\n\/* Custom CSS *\/\r\n<\/style>\r\n<div id=\"example3_254\" class=\"slider-pro\">\r\n\t<!---- slides div start ---->\r\n\t<div class=\"sp-slides\">\r\n\t\t\t\t<div class=\"sp-slide\">\r\n\t\t\t<img class=\"sp-image\" alt=\"\" src=\"\" \r\n\t\t\t\tdata-src=\"https:\/\/www.traiteur-jeanette.de\/wp-content\/uploads\/2015\/06\/beiihnen_8.jpg\"\r\n\t\t\t\tdata-small=\"https:\/\/www.traiteur-jeanette.de\/wp-content\/uploads\/2015\/06\/beiihnen_8.jpg\"\r\n\t\t\t\tdata-medium=\"https:\/\/www.traiteur-jeanette.de\/wp-content\/uploads\/2015\/06\/beiihnen_8.jpg\"\r\n\t\t\t\tdata-large=\"https:\/\/www.traiteur-jeanette.de\/wp-content\/uploads\/2015\/06\/beiihnen_8.jpg\"\r\n\t\t\t\tdata-retina=\"https:\/\/www.traiteur-jeanette.de\/wp-content\/uploads\/2015\/06\/beiihnen_8.jpg\"\/>\r\n\r\n\t\t\t\r\n\t\t\t\t\t<\/div>\r\n\t\t\t\t<div class=\"sp-slide\">\r\n\t\t\t<img class=\"sp-image\" alt=\"\" src=\"\" \r\n\t\t\t\tdata-src=\"https:\/\/www.traiteur-jeanette.de\/wp-content\/uploads\/2015\/06\/home_6.jpg\"\r\n\t\t\t\tdata-small=\"https:\/\/www.traiteur-jeanette.de\/wp-content\/uploads\/2015\/06\/home_6.jpg\"\r\n\t\t\t\tdata-medium=\"https:\/\/www.traiteur-jeanette.de\/wp-content\/uploads\/2015\/06\/home_6.jpg\"\r\n\t\t\t\tdata-large=\"https:\/\/www.traiteur-jeanette.de\/wp-content\/uploads\/2015\/06\/home_6.jpg\"\r\n\t\t\t\tdata-retina=\"https:\/\/www.traiteur-jeanette.de\/wp-content\/uploads\/2015\/06\/home_6.jpg\"\/>\r\n\r\n\t\t\t\r\n\t\t\t\t\t<\/div>\r\n\t\t\t\t<div class=\"sp-slide\">\r\n\t\t\t<img class=\"sp-image\" alt=\"\" src=\"\" \r\n\t\t\t\tdata-src=\"https:\/\/www.traiteur-jeanette.de\/wp-content\/uploads\/2015\/06\/home_5.jpg\"\r\n\t\t\t\tdata-small=\"https:\/\/www.traiteur-jeanette.de\/wp-content\/uploads\/2015\/06\/home_5.jpg\"\r\n\t\t\t\tdata-medium=\"https:\/\/www.traiteur-jeanette.de\/wp-content\/uploads\/2015\/06\/home_5.jpg\"\r\n\t\t\t\tdata-large=\"https:\/\/www.traiteur-jeanette.de\/wp-content\/uploads\/2015\/06\/home_5.jpg\"\r\n\t\t\t\tdata-retina=\"https:\/\/www.traiteur-jeanette.de\/wp-content\/uploads\/2015\/06\/home_5.jpg\"\/>\r\n\r\n\t\t\t\r\n\t\t\t\t\t<\/div>\r\n\t\t\t\t<div class=\"sp-slide\">\r\n\t\t\t<img class=\"sp-image\" alt=\"\" src=\"\" \r\n\t\t\t\tdata-src=\"https:\/\/www.traiteur-jeanette.de\/wp-content\/uploads\/2015\/06\/home_7.jpg\"\r\n\t\t\t\tdata-small=\"https:\/\/www.traiteur-jeanette.de\/wp-content\/uploads\/2015\/06\/home_7.jpg\"\r\n\t\t\t\tdata-medium=\"https:\/\/www.traiteur-jeanette.de\/wp-content\/uploads\/2015\/06\/home_7.jpg\"\r\n\t\t\t\tdata-large=\"https:\/\/www.traiteur-jeanette.de\/wp-content\/uploads\/2015\/06\/home_7.jpg\"\r\n\t\t\t\tdata-retina=\"https:\/\/www.traiteur-jeanette.de\/wp-content\/uploads\/2015\/06\/home_7.jpg\"\/>\r\n\r\n\t\t\t\r\n\t\t\t\t\t<\/div>\r\n\t\t\t\t<div class=\"sp-slide\">\r\n\t\t\t<img class=\"sp-image\" alt=\"\" src=\"\" \r\n\t\t\t\tdata-src=\"https:\/\/www.traiteur-jeanette.de\/wp-content\/uploads\/2015\/06\/beiihnen_6.jpg\"\r\n\t\t\t\tdata-small=\"https:\/\/www.traiteur-jeanette.de\/wp-content\/uploads\/2015\/06\/beiihnen_6.jpg\"\r\n\t\t\t\tdata-medium=\"https:\/\/www.traiteur-jeanette.de\/wp-content\/uploads\/2015\/06\/beiihnen_6.jpg\"\r\n\t\t\t\tdata-large=\"https:\/\/www.traiteur-jeanette.de\/wp-content\/uploads\/2015\/06\/beiihnen_6.jpg\"\r\n\t\t\t\tdata-retina=\"https:\/\/www.traiteur-jeanette.de\/wp-content\/uploads\/2015\/06\/beiihnen_6.jpg\"\/>\r\n\r\n\t\t\t\r\n\t\t\t\t\t<\/div>\r\n\t\t\t\t<div class=\"sp-slide\">\r\n\t\t\t<img class=\"sp-image\" alt=\"\" src=\"\" \r\n\t\t\t\tdata-src=\"https:\/\/www.traiteur-jeanette.de\/wp-content\/uploads\/2015\/06\/messen_1.jpg\"\r\n\t\t\t\tdata-small=\"https:\/\/www.traiteur-jeanette.de\/wp-content\/uploads\/2015\/06\/messen_1.jpg\"\r\n\t\t\t\tdata-medium=\"https:\/\/www.traiteur-jeanette.de\/wp-content\/uploads\/2015\/06\/messen_1.jpg\"\r\n\t\t\t\tdata-large=\"https:\/\/www.traiteur-jeanette.de\/wp-content\/uploads\/2015\/06\/messen_1.jpg\"\r\n\t\t\t\tdata-retina=\"https:\/\/www.traiteur-jeanette.de\/wp-content\/uploads\/2015\/06\/messen_1.jpg\"\/>\r\n\r\n\t\t\t\r\n\t\t\t\t\t<\/div>\r\n\t\t\t\t<div class=\"sp-slide\">\r\n\t\t\t<img class=\"sp-image\" alt=\"\" src=\"\" \r\n\t\t\t\tdata-src=\"https:\/\/www.traiteur-jeanette.de\/wp-content\/uploads\/2015\/06\/messen_2.jpg\"\r\n\t\t\t\tdata-small=\"https:\/\/www.traiteur-jeanette.de\/wp-content\/uploads\/2015\/06\/messen_2.jpg\"\r\n\t\t\t\tdata-medium=\"https:\/\/www.traiteur-jeanette.de\/wp-content\/uploads\/2015\/06\/messen_2.jpg\"\r\n\t\t\t\tdata-large=\"https:\/\/www.traiteur-jeanette.de\/wp-content\/uploads\/2015\/06\/messen_2.jpg\"\r\n\t\t\t\tdata-retina=\"https:\/\/www.traiteur-jeanette.de\/wp-content\/uploads\/2015\/06\/messen_2.jpg\"\/>\r\n\r\n\t\t\t\r\n\t\t\t\t\t<\/div>\r\n\t\t\t\t\r\n\t<\/div>\r\n\t\r\n\t<!---- slides div end ---->\r\n\t\t<!-- slides thumbnails div end -->\r\n\t\r\n<\/div>\r\n\n<div class=\"slide-text\">\n<span class=\"arrow\"><\/span><\/p>\n<div class=\"text-wrapper\">\n<h1>Service traiteur foires et salons, bien fran\u00e7ais, \u00e0 Francfort<\/h1>\n<p>Laissez-nous, gr\u00e2ce \u00e0 la connotation fran\u00e7aise vehicul\u00e9e, donner \u00e0 votre apparition lors de salons, \u201eshowrooms\u201c, expositions, toute la valeur qu\u2019elle m\u00e9rite: <\/p>\n<ul>\n<li>excellentes bouch\u00e9es, sal\u00e9es et sucr\u00e9es<\/li>\n<li>succulentes verrines<\/li>\n<li>salades rafra\u00eechissantes<\/li>\n<li>sandwiches croustillants<\/li>\n<li>Business-Lunch<\/li>\n<li>boissons pour toute occasion<\/li>\n<li>macarons irr\u00e9sistibles, comme embl\u00e8me par excellence de la France<\/li>\n<\/ul>\n<p>Rien de tel comme accroche-regard que ces d\u00e9licates gourmandises \u00e0 base d\u2019amandes, personnalis\u00e9es avec votre logo.<\/p>\n<p>Tant pour les exposants que pour les visiteurs, une journ\u00e9e sur un salon est tr\u00e8s longue et m\u00eame ext\u00e9nuante. Renforcez votre \u00e9quipe et vos clients potentiels gr\u00e2ce \u00e0 nos d\u00e9licates et d\u00e9licieuses bouch\u00e9es. Traiteur Jeanette vous propose de nombreuses offres afin de rendre votre \u00e9quipe plus productive et vos clients encore plus enthousiastes.\n<\/p><\/div>\n<\/div>\n","protected":false},"excerpt":{"rendered":"<p>Service traiteur foires et salons, bien fran\u00e7ais, \u00e0 Francfort Laissez-nous, gr\u00e2ce \u00e0 la connotation fran\u00e7aise vehicul\u00e9e, donner \u00e0 votre apparition lors de salons, \u201eshowrooms\u201c, expositions, toute la valeur qu\u2019elle m\u00e9rite: excellentes bouch\u00e9es, sal\u00e9es et sucr\u00e9es succulentes verrines salades rafra\u00eechissantes sandwiches croustillants Business-Lunch boissons pour toute occasion macarons irr\u00e9sistibles, comme embl\u00e8me par excellence de la France [&hellip;]<\/p>\n","protected":false},"author":1,"featured_media":0,"parent":0,"menu_order":0,"comment_status":"closed","ping_status":"closed","template":"page-full.php","meta":[],"translation":{"provider":"WPGlobus","version":"2.7.3","language":"fr","enabled_languages":["de","fr"],"languages":{"de":{"title":true,"content":true,"excerpt":false},"fr":{"title":false,"content":true,"excerpt":false}}},"_links":{"self":[{"href":"https:\/\/www.traiteur-jeanette.de\/fr\/wp-json\/wp\/v2\/pages\/36"}],"collection":[{"href":"https:\/\/www.traiteur-jeanette.de\/fr\/wp-json\/wp\/v2\/pages"}],"about":[{"href":"https:\/\/www.traiteur-jeanette.de\/fr\/wp-json\/wp\/v2\/types\/page"}],"author":[{"embeddable":true,"href":"https:\/\/www.traiteur-jeanette.de\/fr\/wp-json\/wp\/v2\/users\/1"}],"replies":[{"embeddable":true,"href":"https:\/\/www.traiteur-jeanette.de\/fr\/wp-json\/wp\/v2\/comments?post=36"}],"version-history":[{"count":0,"href":"https:\/\/www.traiteur-jeanette.de\/fr\/wp-json\/wp\/v2\/pages\/36\/revisions"}],"wp:attachment":[{"href":"https:\/\/www.traiteur-jeanette.de\/fr\/wp-json\/wp\/v2\/media?parent=36"}],"curies":[{"name":"wp","href":"https:\/\/api.w.org\/{rel}","templated":true}]}}

Messe Catering, ganz französisch, in Frankfurt

<script type="text/javascript">
	jQuery( document ).ready(function( jQuery ) {
		jQuery( '#example3_254' ).sliderPro({
			//width
						width: 740,
						
			//height
						height: 980,
						
			//autoplay
						autoplay:  true,
			autoplayOnHover: 'none',
												autoplayDelay: 5000,
			
			
			arrows: true,
			buttons: false,
			smallSize: 500,
			mediumSize: 1000,
			largeSize: 3000,
			fade: true,
			
			//thumbnail
			thumbnailArrows: true,
			thumbnailWidth: 120,
			thumbnailHeight: 100,
									thumbnailsPosition: 'bottom',
									centerImage: true,
			allowScaleUp: true,
						startSlide: 0,
			loop: true,
			slideDistance: 5,
			autoplayDirection: 'normal',
			touchSwipe: true,
			fullScreen: true,
		});
	});
</script>
<style>
/* Example 3 */

/* border */
#example3_254 .sp-selected-thumbnail {
	border: 4px solid #000000;
}

/* font + color */
.title-in  {
	font-family: Arial !important;
	color: #00000 !important;
	background-color: #FFFFFF !important;
	opacity: 0.7 !important;
}
.desc-in  {
	font-family: Arial !important;
	color: #FFFFFF !important;
	background-color: #00000 !important;
	opacity: 0.7 !important;
}

/* bullets color */
.sp-button  {
	border: 2px solid #000000 !important;
}
.sp-selected-button  {
	background-color: #000000 !important;
}

/* pointer color - bottom */
.sp-selected-thumbnail::before {
	border-bottom: 5px solid #000000 !important;
}
.sp-selected-thumbnail::after {
	border-bottom: 13px solid #000000 !important;
}

/* pointer color - top */


/* full screen icon */
.sp-full-screen-button::before {
    color: #FFFFFF !important;
}

/* hover navigation icon color */
.sp-next-arrow::after, .sp-next-arrow::before {
	background-color: #FFFFFF !important;
}
.sp-previous-arrow::after, .sp-previous-arrow::before {
	background-color: #FFFFFF !important;
}


#example3_254 .title-in {
	color:  !important;
	font-weight: bolder;
	text-align: center;
}

#example3_254 .title-in-bg {
	background: rgba(255, 255, 255, 0.7); !important;
	white-space: unset !important;
	max-width: 90%;
	min-width: 40%;
	transform: initial !important;
	-webkit-transform: initial !important;
	font-size: 14px !important;
}

#example3_254 .desc-in {
	color:  !important;
	text-align: center;
}
#example3_254 .desc-in-bg {
	background: rgba(, ) !important;
	white-space: unset !important;
	width: 80% !important;
	min-width: 30%;
	transform: initial !important;
	-webkit-transform: initial !important;
	font-size: 13px !important;
}

@media (max-width: 640px) {
	#example3_254 .hide-small-screen {
		display: none;
	}
}

@media (max-width: 860px) {
	#example3_254 .sp-layer {
		font-size: 18px;
	}
	
	#example3_254 .hide-medium-screen {
		display: none;
	}
}
/* Custom CSS */
</style>
<div id="example3_254" class="slider-pro">
	<!---- slides div start ---->
	<div class="sp-slides">
				<div class="sp-slide">
			<img class="sp-image" alt="" src="" 
				data-src="https://www.traiteur-jeanette.de/wp-content/uploads/2015/06/beiihnen_8.jpg"
				data-small="https://www.traiteur-jeanette.de/wp-content/uploads/2015/06/beiihnen_8.jpg"
				data-medium="https://www.traiteur-jeanette.de/wp-content/uploads/2015/06/beiihnen_8.jpg"
				data-large="https://www.traiteur-jeanette.de/wp-content/uploads/2015/06/beiihnen_8.jpg"
				data-retina="https://www.traiteur-jeanette.de/wp-content/uploads/2015/06/beiihnen_8.jpg"/>

			
					</div>
				<div class="sp-slide">
			<img class="sp-image" alt="" src="" 
				data-src="https://www.traiteur-jeanette.de/wp-content/uploads/2015/06/home_6.jpg"
				data-small="https://www.traiteur-jeanette.de/wp-content/uploads/2015/06/home_6.jpg"
				data-medium="https://www.traiteur-jeanette.de/wp-content/uploads/2015/06/home_6.jpg"
				data-large="https://www.traiteur-jeanette.de/wp-content/uploads/2015/06/home_6.jpg"
				data-retina="https://www.traiteur-jeanette.de/wp-content/uploads/2015/06/home_6.jpg"/>

			
					</div>
				<div class="sp-slide">
			<img class="sp-image" alt="" src="" 
				data-src="https://www.traiteur-jeanette.de/wp-content/uploads/2015/06/home_5.jpg"
				data-small="https://www.traiteur-jeanette.de/wp-content/uploads/2015/06/home_5.jpg"
				data-medium="https://www.traiteur-jeanette.de/wp-content/uploads/2015/06/home_5.jpg"
				data-large="https://www.traiteur-jeanette.de/wp-content/uploads/2015/06/home_5.jpg"
				data-retina="https://www.traiteur-jeanette.de/wp-content/uploads/2015/06/home_5.jpg"/>

			
					</div>
				<div class="sp-slide">
			<img class="sp-image" alt="" src="" 
				data-src="https://www.traiteur-jeanette.de/wp-content/uploads/2015/06/home_7.jpg"
				data-small="https://www.traiteur-jeanette.de/wp-content/uploads/2015/06/home_7.jpg"
				data-medium="https://www.traiteur-jeanette.de/wp-content/uploads/2015/06/home_7.jpg"
				data-large="https://www.traiteur-jeanette.de/wp-content/uploads/2015/06/home_7.jpg"
				data-retina="https://www.traiteur-jeanette.de/wp-content/uploads/2015/06/home_7.jpg"/>

			
					</div>
				<div class="sp-slide">
			<img class="sp-image" alt="" src="" 
				data-src="https://www.traiteur-jeanette.de/wp-content/uploads/2015/06/beiihnen_6.jpg"
				data-small="https://www.traiteur-jeanette.de/wp-content/uploads/2015/06/beiihnen_6.jpg"
				data-medium="https://www.traiteur-jeanette.de/wp-content/uploads/2015/06/beiihnen_6.jpg"
				data-large="https://www.traiteur-jeanette.de/wp-content/uploads/2015/06/beiihnen_6.jpg"
				data-retina="https://www.traiteur-jeanette.de/wp-content/uploads/2015/06/beiihnen_6.jpg"/>

			
					</div>
				<div class="sp-slide">
			<img class="sp-image" alt="" src="" 
				data-src="https://www.traiteur-jeanette.de/wp-content/uploads/2015/06/messen_1.jpg"
				data-small="https://www.traiteur-jeanette.de/wp-content/uploads/2015/06/messen_1.jpg"
				data-medium="https://www.traiteur-jeanette.de/wp-content/uploads/2015/06/messen_1.jpg"
				data-large="https://www.traiteur-jeanette.de/wp-content/uploads/2015/06/messen_1.jpg"
				data-retina="https://www.traiteur-jeanette.de/wp-content/uploads/2015/06/messen_1.jpg"/>

			
					</div>
				<div class="sp-slide">
			<img class="sp-image" alt="" src="" 
				data-src="https://www.traiteur-jeanette.de/wp-content/uploads/2015/06/messen_2.jpg"
				data-small="https://www.traiteur-jeanette.de/wp-content/uploads/2015/06/messen_2.jpg"
				data-medium="https://www.traiteur-jeanette.de/wp-content/uploads/2015/06/messen_2.jpg"
				data-large="https://www.traiteur-jeanette.de/wp-content/uploads/2015/06/messen_2.jpg"
				data-retina="https://www.traiteur-jeanette.de/wp-content/uploads/2015/06/messen_2.jpg"/>

			
					</div>
				
	</div>
	
	<!---- slides div end ---->
		<!-- slides thumbnails div end -->
	
</div>

<div class="slide-text">
<span class="arrow"></span></p>
<div class="text-wrapper">
<h1>Service traiteur foires et salons, bien français, à Francfort</h1>
<p>Laissez-nous, grâce à la connotation française vehiculée, donner à votre apparition lors de salons, „showrooms“, expositions, toute la valeur qu’elle mérite: </p>
<ul>
<li>excellentes bouchées, salées et sucrées</li>
<li>succulentes verrines</li>
<li>salades rafraîchissantes</li>
<li>sandwiches croustillants</li>
<li>Business-Lunch</li>
<li>boissons pour toute occasion</li>
<li>macarons irrésistibles, comme emblème par excellence de la France</li>
</ul>
<p>Rien de tel comme accroche-regard que ces délicates gourmandises à base d’amandes, personnalisées avec votre logo.</p>
<p>Tant pour les exposants que pour les visiteurs, une journée sur un salon est très longue et même exténuante. Renforcez votre équipe et vos clients potentiels grâce à nos délicates et délicieuses bouchées. Traiteur Jeanette vous propose de nombreuses offres afin de rendre votre équipe plus productive et vos clients encore plus enthousiastes.
</p></div>
</div>

<p>Service traiteur foires et salons, bien français, à Francfort Laissez-nous, grâce à la connotation française vehiculée, donner à votre apparition lors de salons, „showrooms“, expositions, toute la valeur qu’elle mérite: excellentes bouchées, salées et sucrées succulentes verrines salades rafraîchissantes sandwiches croustillants Business-Lunch boissons pour toute occasion macarons irrésistibles, comme emblème par excellence de la France [&hellip;]</p>
